{"id":685485,"date":"2026-05-02T00:12:02","date_gmt":"2026-05-01T22:12:02","guid":{"rendered":"https:\/\/www.koumak.cz\/katalog\/p\/mikina-s-kapuci-pora-2xl-cerna-stalco-3\/"},"modified":"2026-05-02T00:12:10","modified_gmt":"2026-05-01T22:12:10","slug":"mikina-s-kapuci-pora-2xl-cerna-stalco-3","status":"publish","type":"products","link":"https:\/\/www.koumak.cz\/katalog\/p\/mikina-s-kapuci-pora-2xl-cerna-stalco-3\/","title":{"rendered":"Mikina s kapuc\u00ed PORA, 2XL \u010dern\u00e1, STALCO"},"content":{"rendered":"<div class=\"comments-space\">\n<b>Popis produktu:<\/b><\/p>\n<div>\n<p data-start=\"69\" data-end=\"310\">Univerz\u00e1ln\u00ed mikina PORA je ide\u00e1ln\u00ed volbou pro ka\u017edodenn\u00ed no\u0161en\u00ed i pracovn\u00ed \u010dinnosti, jako je mont\u00e1\u017e, servis nebo pr\u00e1ce ve skladu. D\u00edky m\u011bkk\u00e9 bavln\u011bn\u00e9 pletenin\u011b s po\u010desan\u00fdm vnit\u0159kem poskytuje p\u0159\u00edjemn\u00e9 teplo a vysok\u00fd komfort po cel\u00fd den. Voln\u00fd st\u0159ih neomezuje pohyb, zat\u00edmco pevn\u00fd zip, nastaviteln\u00e1 kapuce a \u017eebrovan\u00e9 man\u017eety zaji\u0161\u0165uj\u00ed prakti\u010dnost a ochranu proti chladu.\u00a0<\/p>\n<p data-start=\"69\" data-end=\"310\"><b>Specifikace:<\/b><\/p>\n<ul>\n<li data-section-id=\"18ipmu6\" data-start=\"545\" data-end=\"570\">pohodln\u00fd, voln\u00fd st\u0159ih<\/li>\n<li data-section-id=\"8yy68l\" data-start=\"571\" data-end=\"599\">m\u011bkk\u00fd a h\u0159ejiv\u00fd materi\u00e1l<\/li>\n<li data-section-id=\"13oxui6\" data-start=\"600\" data-end=\"633\">pevn\u00fd zip vhodn\u00fd i do rukavic<\/li>\n<li data-section-id=\"1s9udz9\" data-start=\"634\" data-end=\"657\">nastaviteln\u00e1 kapuce<\/li>\n<li data-section-id=\"lcqmm6\" data-start=\"658\" data-end=\"679\">2 praktick\u00e9 kapsy<\/li>\n<\/ul>\n<p><\/p>\n<div><b>Materi\u00e1l\/slo\u017een\u00ed:<\/b><\/div>\n<\/div>\n<div>\n<ul>\n<li>materi\u00e1l: 65% bavlna, 35% polyester, 10% visk\u00f3za<\/li>\n<li>gram\u00e1\u017e:\u00a0286 g\/m\u00b2<\/li>\n<\/ul>\n<p><\/p>\n<div><b>Kategorie ochrany:<\/b>\u00a0Kat. I., norma EN ISO 13688, UKCA<\/div>\n<\/div>\n<div><\/div>\n<div>Mikinu je vhodn\u00e9 pr\u00e1t na\u00a040 \u00b0C,\u00a0 doporu\u010duje se su\u0161it na n\u00edzkou teplotu, neb\u011blit, chemicky ne\u010distit a \u017eehlit max. na\u00a0100 \u00b0C.<\/div>\n<h2>Parametry produktu Mikina s kapuc\u00ed PORA, 2XL \u010dern\u00e1, STALCO<\/h2>\n<ul>\n<li><strong>N\u00e1zev:<\/strong> Mikina s kapuc\u00ed PORA, 2XL \u010dern\u00e1, STALCO<\/li>\n<li><strong>Cena:<\/strong> 544 K\u010d<\/li>\n<li><strong>V\u00fdrobce:<\/strong> STALCO<\/li>\n<li><strong>EAN:<\/strong> 5901466155684<\/li>\n<\/ul>\n<\/div>\n","protected":false},"featured_media":685486,"template":"","product_category":[17941,17744,17754],"product_manufacturer":[33061],"product_tag":[],"class_list":["post-685485","products","type-products","status-publish","has-post-thumbnail","hentry","product_category-mikiny","product_category-pracovni-obuv-a-odevy","product_category-pracovni-odevy","product_manufacturer-stalco"],"acf":[],"_links":{"self":[{"href":"https:\/\/www.koumak.cz\/katalog\/wp-json\/wp\/v2\/products\/685485","targetHints":{"allow":["GET"]}}],"collection":[{"href":"https:\/\/www.koumak.cz\/katalog\/wp-json\/wp\/v2\/products"}],"about":[{"href":"https:\/\/www.koumak.cz\/katalog\/wp-json\/wp\/v2\/types\/products"}],"wp:featuredmedia":[{"embeddable":true,"href":"https:\/\/www.koumak.cz\/katalog\/wp-json\/wp\/v2\/media\/685486"}],"wp:attachment":[{"href":"https:\/\/www.koumak.cz\/katalog\/wp-json\/wp\/v2\/media?parent=685485"}],"wp:term":[{"taxonomy":"product_category","embeddable":true,"href":"https:\/\/www.koumak.cz\/katalog\/wp-json\/wp\/v2\/product_category?post=685485"},{"taxonomy":"product_manufacturer","embeddable":true,"href":"https:\/\/www.koumak.cz\/katalog\/wp-json\/wp\/v2\/product_manufacturer?post=685485"},{"taxonomy":"product_tag","embeddable":true,"href":"https:\/\/www.koumak.cz\/katalog\/wp-json\/wp\/v2\/product_tag?post=685485"}],"curies":[{"name":"wp","href":"https:\/\/api.w.org\/{rel}","templated":true}]}}

Mikina s kapucí PORA, 2XL černá, STALCO

<div class="comments-space">
<b>Popis produktu:</b></p>
<div>
<p data-start="69" data-end="310">Univerzální mikina PORA je ideální volbou pro každodenní nošení i pracovní činnosti, jako je montáž, servis nebo práce ve skladu. Díky měkké bavlněné pletenině s počesaným vnitřkem poskytuje příjemné teplo a vysoký komfort po celý den. Volný střih neomezuje pohyb, zatímco pevný zip, nastavitelná kapuce a žebrované manžety zajišťují praktičnost a ochranu proti chladu. </p>
<p data-start="69" data-end="310"><b>Specifikace:</b></p>
<ul>
<li data-section-id="18ipmu6" data-start="545" data-end="570">pohodlný, volný střih</li>
<li data-section-id="8yy68l" data-start="571" data-end="599">měkký a hřejivý materiál</li>
<li data-section-id="13oxui6" data-start="600" data-end="633">pevný zip vhodný i do rukavic</li>
<li data-section-id="1s9udz9" data-start="634" data-end="657">nastavitelná kapuce</li>
<li data-section-id="lcqmm6" data-start="658" data-end="679">2 praktické kapsy</li>
</ul>
<p></p>
<div><b>Materiál/složení:</b></div>
</div>
<div>
<ul>
<li>materiál: 65% bavlna, 35% polyester, 10% viskóza</li>
<li>gramáž: 286 g/m²</li>
</ul>
<p></p>
<div><b>Kategorie ochrany:</b> Kat. I., norma EN ISO 13688, UKCA</div>
</div>
<div></div>
<div>Mikinu je vhodné prát na 40 °C,  doporučuje se sušit na nízkou teplotu, nebělit, chemicky nečistit a žehlit max. na 100 °C.</div>
<h2>Parametry produktu Mikina s kapucí PORA, 2XL černá, STALCO</h2>
<ul>
<li><strong>Název:</strong> Mikina s kapucí PORA, 2XL černá, STALCO</li>
<li><strong>Cena:</strong> 544 Kč</li>
<li><strong>Výrobce:</strong> STALCO</li>
<li><strong>EAN:</strong> 5901466155684</li>
</ul>
</div>
